ighest common factor of t and 123?
41
Suppose -505 = -2*b + 5*r, 4*b - r - 115 - 886 = 0. What is the greatest common factor of 275 and b?
25
Suppose -16*z - 1099 = -2955. Calculate the greatest common divisor of 87 and z.
29
Suppose 11 - 16 = -w, -n = -5*w - 1000. Calculate the greatest common factor of n and 25.
25
Let o = -1127 + 1649. Calculate the highest common divisor of 18 and o.
18
Let k(h) = 2*h**2 - 9*h + 19. Let z be k(8). Calculate the greatest common factor of 45 and z.
15
Let x be ((-2)/(-4))/(3*(-1)/(-720)). Suppose 0 = -t - 7 + 47. What is the highest common factor of x and t?
40
Let p(f) = -3*f**2 - 138*f - 131. Let y be p(-41). Calculate the highest common factor of 8 and y.
4
Let m(a) = 9*a - 5. Let w(z) = -z**2 + 7*z + 21. Let g be w(9). Let f be m(g). Calculate the greatest common factor of f and 11.
11
Let j(c) = 5*c**3 + 2*c**2 - 3*c + 2. Let n be (-4)/(3 + -7 + 2). Let d be j(n). Calculate the highest common factor of 22 and d.
22
Suppose 10*u + u - 2398 = 0. Suppose 7*r + 25 = 2*r, 0 = 2*s - 4*r - u. What is the greatest common divisor of 9 and s?
9
Let x(b) = 23*b**2 - 1. Let l be x(1). Let f(w) = -w**2 + 28*w - 159. Let m be f(16). Calculate the greatest common divisor of m and l.
11
Suppose -5*a + 40 = 5*r, 0 = -a + 2*r - 3 + 5. Calculate the highest common factor of 318 and a.
6
Suppose j + 3*t + 82 = 3*j, j + 5*t = 54. Let a = j - 11. Let p = 451 + -319. What is the greatest common factor of a and p?
33
Let x be (2/1)/(7 - 20317/2904). What is the greatest common divisor of x and 66?
66
Suppose 2*s = -2*o + 652, -5*o + 10*s = 5*s - 1660. Calculate the highest common divisor of o and 47.
47
Let z = -25 - -63. Suppose -3*c = 15, c + 4*c = 3*j + z. Let i be (17*3)/(j/(-14)). Calculate the highest common divisor of i and 34.
34
Suppose -4*j + 675 = -p, -j = -0*j + 3*p - 159. Let q(z) = z**3 + 12*z**2 - 7*z - 70. Let v be q(-12). Calculate the greatest common divisor of v and j.
14
Suppose -4*u + 210 = u. Suppose 47*x - u*x = 70. Suppose 0*i + 498 = 5*v + 2*i, 290 = 3*v - i. Calculate the greatest common factor of x and v.
14
Let s be 429/(-2)*(-2)/3. What is the greatest common divisor of s and 26?
13
Suppose -86*r = -56*r - 1260. What is the highest common divisor of 54 and r?
6
Suppose -h = 5*a - 73, -2*a - 2*h - 3*h = -43. Let b be 16/104 - (-1 + 301/13). Let q be (-2152)/b + 26/143. What is the greatest common factor of q and a?
14
Let k(d) = -d. Let j(l) = -l**2 - 5*l - 20. Let a(o) = -j(o) + 4*k(o). Let c be a(0). Let n = 81 - 71. Calculate the highest common factor of n and c.
10
Suppose 4*m - 69 = -d, -5*m + 3*d + 28 = -37. Suppose k - 4 = 16. Let s be (-9)/(-15) - (-468)/k. Calculate the highest common divisor of m and s.
8
Suppose 5*p = 5*r + 25, 0*p - 3*p = 5*r - 15. Suppose 3*v - p = 4. Suppose v*d - d - 22 = 0. What is the highest common factor of 99 and d?
11
Suppose 2*a - 5*a + 5*b = -83, -b = -2*a + 67. What is the highest common divisor of a and 396?
36
Let z = 1317 - 1044. What is the greatest common factor of 1001 and z?
91
Let v(u) = 121*u - 1. Let q(n) = 363*n - 3. Let h(w) = -4*q(w) + 14*v(w). Let l be h(1). What is the highest common divisor of l and 24?
24
Let n be ((-112)/49)/8 - (-1264)/14. Suppose 0*k + 5*k - 50 = 0. What is the greatest common factor of n and k?
10
Let c = 632 + -107. What is the highest common factor of 375 and c?
75
Let o be 8/16 - 6180/(-24). What is the highest common divisor of o and 688?
86
Let b(y) = -y**3 + 8*y**2 - 6*y. Let p be b(6). Let x be 943/9 + 8/p. Calculate the greatest common divisor of x and 15.
15
Suppose -45*j + 884 = -19*j. Calculate the greatest common divisor of j and 17.
17
Let l = 25 + -23. Let v be (-8)/l + (-872)/(-8). Suppose v = 6*s - s. Calculate the highest common divisor of 147 and s.
21
Suppose -o - 5*x = -116, 302 = 3*o - x + 18. Let c = -108 - -120. Calculate the greatest common divisor of o and c.
12
Let k = -554 - -1357. Calculate the greatest common factor of 73 and k.
73
Let r be (2 + -4 + 2)/(3/3). Suppose r = 4*z - 9*z + 90. What is the greatest common factor of z and 24?
6
Let r be -2*((-36)/(-8))/(-3). Let v be 110/(-3) - (-4)/6. Let l be (54/8)/(-9)*v. What is the greatest common factor of r and l?
3
Suppose 2*j + 2*h = 2 - 6, -3*h = 3. Let g(q) = -19*q + 5. Let o be g(j). Calculate the highest common divisor of 12 and o.
12
Suppose 2*t - 5*z - 3200 = 0, 5*t + 5*z - 8000 = 2*z. Suppose -55*c + t = -51*c. Calculate the highest common factor of c and 40.
40
Let p be (193 - 193 - (0 - 224/6))*3. Let q(x) = 5*x - 4. Let d be q(4). What is the highest common factor of p and d?
16
Suppose n - 89 + 26 = -k, k + 3*n = 63. Calculate the greatest common divisor of 168 and k.
21
Suppose 3*q + j - 44 = 0, -2*q - q - 4*j + 50 = 0. Let a be ((-28)/6)/((-26)/156). What is the greatest common factor of q and a?
14
Let h(o) = -o + 3. Let j be h(-7). Suppose 2640 = 6*m + 2*m. Let n = -220 + m. What is the greatest common divisor of j and n?
10
Let a be 2*3/((-12)/(-14)). Let g be 9*6 - (0 + 1)*-2. Suppose g = 4*z + 2*v, 2*v = -2*z - 0*v + 28. Calculate the greatest common divisor of a and z.
7
Let z be ((-20)/6)/(2/(-105)). Suppose 52*q = 67*q - 525. What is the highest common factor of z and q?
35
Let r be 1299/9 + 2/3. Suppose 2*w - 287 = -2*u + w, 2*u + 3*w - 281 = 0. Suppose -30*a + u = -25*a. What is the greatest common divisor of r and a?
29
Let g be (-3 + (-65)/(-15))*12. Calculate the highest common factor of 36 and g.
4
Let x(k) = 10*k**3 - 3*k**2 - 2*k + 4. Let n be x(2). Suppose 64 + n = -4*f. Let b be f/(-11) - -3*23. What is the highest common factor of 18 and b?
18
Suppose 0 = 3*d - 2*o - 7, 0 = d + 4*o - 0*o + 7. Suppose -d = 4*n - 9. Let a(g) = -2*g - 4. Let r be a(-6). What is the greatest common factor of r and n?
2
Suppose 5*m - 1658 = -833. What is the greatest common factor of 33 and m?
33
Let u(v) = 163*v + 5074. Let a be u(-31). Let z = 40 - 5. What is the highest common divisor of a and z?
7
Suppose s + 9 = f, 0 = -s - 6 + 2. What is the greatest common factor of 415 and f?
5
Let b = -279 + 319. Calculate the greatest common divisor of 120 and b.
40
Suppose -3*w + 7*w + 3*a = 128, -w + 13 = -4*a. Let h be (-1)/(-2) + (-33)/(-2). Let u = w - h. What is the greatest common factor of u and 12?
12
Let j be ((-8)/4)/(2/(-60)). Suppose t + 5*n - 20 = -5, 0 = 4*t + 3*n - j. Let a = 262 - 97. Calculate the highest common divisor of a and t.
15
Let q be ((-726)/4)/(12/(-32)). What is the highest common divisor of 44 and q?
44
Let h(j) = -4*j**2 - 2*j. Let p be h(3). Let b be (1 + (-5)/3)*p. Let k be (1 - 0) + (-6 - -19). Calculate the highest common factor of k and b.
14
Let d = 448 - 436. Calculate the greatest common divisor of 27 and d.
3
Suppose 5*w = f + 44, -4*f + 4*w = -6*f - 116. Let i = -39 - f. What is the greatest common factor of i and 10?
5
Let i be (-6)/9 + 515*2/15. Calculate the highest common factor of 12 and i.
4
Suppose -206 = -q - 86. Suppose -2*z = z - q. Calculate the highest common divisor of z and 10.
10
Let a be ((-4)/10)/((-2)/(-10)). Let x be a + (-1)/(-1) - -8. Let m = 8 + x. What is the highest common divisor of 165 and m?
15
Suppose 45*b = 71*b - 52. What is the greatest common divisor of 32 and b?
2
Let z = -112 - -115. Suppose 5*o = u + 24, o - 2*u - z*u = 24. What is the greatest common factor of o and 12?
4
Let l = 0 + 6. Suppose 3*w + f = 8 + 5, -2*w + f + 7 = 0. What is the greatest common divisor of l and w?
2
Suppose -2*x = -5*c - 37, -3*x - 41 = 4*c - 85. Let k be (-714)/(-18) - 2/(-6). Calculate the highest common divisor of x and k.
8
Let a(w) = -w**2 + 19*w - 15. Let q be a(18). Suppose -2*r = r. Suppose r = -l + q, b - 22 = -4*l. Calculate the highest common factor of 5 and b.
5
Let g(c) = c**2 - 29*c - 41. Let l be g(31). Calculate the greatest common divisor of 1449 and l.
21
Suppose t + 12 = f, -2*f + f - 4 = 3*t. Let w = 0 + f. Let u(a) = a**3 - 9*a**2 + 9*a - 1. Let b be u(w). What is the greatest common divisor of b and 49?
7
Suppose 23*l = l + 5852. What is the greatest common factor of l and 38?
38
Let d(o) = o**2 - 3*o - 40. Let q be d(10). What is the highest common factor of 150 and q?
30
Let b(s) = -9*s - 15. Let d(z) = -19*z - 31. Let l(q) = -9*b(q) + 4*d(q). Let k be l(